Suppose 0 = -2*h + 4*h. Let u(k) = 6*k**2 + h + 10*k + 9 + k**3 + 3*k**2. Let w = 12803 - 12811. What is u(w)?
-7
Let k(d) = 6*d - 42. Suppose -2*o = -m - 18 - 0, 0 = o - 5*m - 18. What is k(o)?
6
Let y = 6873 + -6882. Let o(t) = -5*t - 26. Determine o(y).
19
Let d = 5024 - 5013. Let s(o) = -o**3 + 12*o**2 - 11*o + 10. What is s(d)?
10
Suppose 457 = -22*c + 545. Let t(u) = 4*u**2 - 6*u + 16. Determine t(c).
56
Let z = 1013 - 1017. Let l(c) = -4*c - 20. Determine l(z).
-4
Let t = -182 + 184. Let d(x) = 8 - 15*x**t - 3 - x**3 + 5. Determine d(-15).
10
Let a(i) = -i**2 - 6*i + 3. Let f(u) = -2*u - 65. Let h(j) = -j - 22. Let x(g) = 6*f(g) - 17*h(g). Let n be x(4). Let z be (n/(-5))/(16/120). What is a(z)?
3
Let r be (81/18)/((-6)/4). Let z(w) = 3*w**2 + 2*w - 17. Let j(k) = -4*k**2 + 16. Let p(u) = r*z(u) - 2*j(u). Calculate p(-8).
3
Let y be (9/(-36) - -4)*2*20/15. Let k(i) = -2*i**3 + 20*i**2 - 3*i + 9. Determine k(y).
-21
Let z(v) = -v**3 - 3*v**2 - 5*v - 4. Suppose 16*x - 5*x = 44. Suppose x*h - 14 = -8*d + 10*d, -5*h = -4*d - 22. Determine z(d).
11
Let v(o) = o - 33. Suppose 0 = -6*s - 76*s + 2296. Calculate v(s).
-5
Let c be (286/52 + (-4)/(-1))*2. Suppose 102 - 254 = c*f. Let o(a) = a**3 + 9*a**2 + 9*a - 1. Give o(f).
-9
Let w(z) = -z**2 + 2*z. Let m be w(0). Suppose -3*r = -m*r - 6. Let h be (-1)/((r + -3)*2/(-14)). Let k(l) = 2*l + 9. Give k(h).
-5
Let c(v) = -2*v - 8. Suppose -8 = -4*y, -y = -0*x - 3*x + 25. Suppose 0 = -5*n - x - 21. Give c(n).
4
Let p = -255 + 258. Let o(f) be the first derivative of f**4/4 - 2*f**3/3 - 2*f**2 + 2*f + 22. Determine o(p).
-1
Suppose 3*k + 2 = -2*d, 3*k = 2*d + 7 + 7. Let g be (3 - k)*(-10 + 2). Let c(y) = -y - 11. Calculate c(g).
-3
Let d(l) = -3*l**3 + l**2 - 3*l + 3. Let f be 2*(-3)/(-27) + 184/(-18). Let i be f*5/100*-4. Calculate d(i).
-23
Let x(f) be the second derivative of f**5/20 + f**4/6 - 2*f**2 + 2206*f. Determine x(-3).
-13
Let j(s) be the first derivative of -s**4/4 + s**3 + 2*s**2 - s - 530. Calculate j(5).
-31
Let f(l) = -4*l**2 + l. Let h(c) = c**3 + 6*c**2 - 12*c + 14. Let i be h(5). Let y = -227 + i. Calculate f(y).
-14
Let t(n) = -8 + 5358*n**3 + 5352*n**3 + 5349*n**3 + 5357*n**3 + 7*n**2 - 21419*n**3 + 10*n. Determine t(4).
-48
Let n(o) = -o**2 + 4*o - 1. Let c be n(3). Suppose 2*g - 3*k = -2, -g - g = -c*k. Suppose g = -3*b - 7. Let u(j) = -j**3 - 2*j**2 + 2*j. Determine u(b).
3
Suppose 0 = 5*u - 5*a - 165, 5*u - 115 - 38 = -a. Suppose 0 = 4*n - 5*t + 2 - u, 5*n + 5*t = 25. Let m(b) = b**3 - 5*b**2 - 4*b - 3. Calculate m(n).
9
Let f(u) be the second derivative of u**5/20 - u**4 + 23*u**3/6 - 4*u**2 - 2622*u. Calculate f(10).
22
Let t = -14 - -8. Let y be (-31)/(-2*t/(-4) - -2). Let z = y + -29. Let h(m) = 2*m**3 - 4*m**2 + 2*m + 2. Determine h(z).
6
Let u = -2271 - -2277. Let v(q) = 4*q + 28 - 7 - 6 - 9 - 2*q**2. Determine v(u).
-42
Suppose 27 - 35 = -4*c. Suppose c*u + 14 = -26. Let a be (-16)/u*(-75)/6. Let y(g) = -g**3 - 11*g**2 - 9*g + 10. Calculate y(a).
0
Let x(d) = 41*d - 23. Let z(c) = 116*c - 66. Let v(a) = 17*x(a) - 6*z(a). Give v(10).
15
Let u be 5/(-25) + (-422)/(-10). Suppose 2*y - 5*y + u = 5*j, 2*y - 26 = -3*j. Let w(a) = -1581*a + 7 + 1 - 1558*a - a**2 + 3141*a - 1. What is w(j)?
-17
Let f(a) = a**2 + 3*a - 36. Let i be f(-8). Let g(c) = 2*c. Let d(o) = 3*o - 3. Let p(s) = -d(s) + 3*g(s). What is p(i)?
15
Suppose 191 - 23 = 2*b. Let r = -89 + b. Let k(x) = -x**2 - 2*x + 7. Calculate k(r).
-8
Let s(l) be the second derivative of -l**5/60 + l**4/24 - 128*l**2 - 2*l - 14. Let a(m) be the first derivative of s(m). Let z = -3 + 7. Give a(z).
-12
Let i(k) be the third derivative of 1/120*k**6 - 1/6*k**3 + 0*k + 67*k**2 - 5/24*k**4 + 0 + 1/10*k**5. Calculate i(-7).
-15
Suppose -22*k + 13*k = -117. Suppose k*w + 4 = 11*w. Let y(p) = 13*p - 1. Calculate y(w).
-27
Let i = 8 + -12. Suppose -4 = 2*t + 2*k - 0, k = -5. Let p(w) = 16 - 19 - 7*w + t*w - w. Determine p(i).
17
Let l(j) = -2*j - 15. Let z be l(-8). Let f be ((-12)/(-30))/(z/10). Suppose f*n - 8 = 4. Let g(x) = -x**3 + 2*x**2 + 5*x - 3. Give g(n).
3
Let t(r) = 135*r - 70. Let s(h) = 20*h - 10. Let m(g) = -20*s(g) + 3*t(g). Calculate m(2).
0
Let b(y) be the second derivative of y**5/30 - 3*y**4/8 - 23*y**3/2 - 102*y. Let p(s) be the second derivative of b(s). What is p(5)?
11
Let w(d) = 5 - 5*d**2 + 4*d - 2 + 4*d**2 - d. Suppose -3*p = 3*b - 18, -371*b = -373*b + 2*p + 8. What is w(b)?
-7
Let a be (22/(-4))/((-88)/16 - -6). Let l be (-35)/a + (-3)/(198/12). Suppose b + l*b - 4*i - 4 = 0, -i - 9 = b. Let t(r) = -r + 1. Determine t(b).
5
Let l(b) = -b - 21. Suppose -78 = -21*w - 5*w. Let s be ((-90)/(-4))/w*(-13 + 11). Determine l(s).
-6
Let t(s) = 39 - 18 + 286*s**2 - 12*s - 15 - 287*s**2. Give t(-7).
41
Let t(y) = -y**2 - 3*y - 25. Suppose 2 = 2*w - 2*k, -2*w - 25*k - 5 = -26*k. Calculate t(w).
-43
Let b(s) = 265*s + 32. Let j(g) = -151*g - 16. Let p(c) = -4*b(c) - 7*j(c). Let t(u) = -u**3 + u - 6. Let z be t(0). Calculate p(z).
2
Let r = -912 + 905. Let n(x) = -x**2 - 7*x + 4. Let m(g) = 2*g**2 + 14*g - 7. Let q(k) = -6*m(k) - 11*n(k). Determine q(r).
-2
Suppose 11*m + 81 = 2*m. Let r(u) = -27*u + 7. Let z(p) = 16*p - 4. Let s(b) = 3*r(b) + 5*z(b). Give s(m).
10
Let v(y) be the first derivative of -13*y**3/3 + 5*y**2/2 - 5*y - 2299. What is v(1)?
-13
Suppose -54 = -5372*f + 5354*f. Let j(r) = -2*r**2 + 4*r + 5. Give j(f).
-1
Let o(j) = -3*j + 287. Let u be o(97). Let h(g) = g**2 + g + 5. Let n(s) = 3*s**2 + 4*s + 14. Let l(k) = -11*h(k) + 4*n(k). Give l(u).
-3
Let k(r) = 3*r + 3. Let b(d) = -10*d**2 - 79*d + 1. Let v be b(-8). Let z be v/140*-12*5/3. What is k(z)?
6
Suppose -j - 16 = -27. Suppose 3*y = 29 - j. Suppose -y*r + 3 = -3. Let l(z) = z**2 + z - 1. Give l(r).
1
Let p(h) be the second derivative of -h**3/2 - h**2/2 + 3*h - 30794. Let w be (-1)/(-1) + -2 + 7. Suppose 3*j - j - w = 0. Give p(j).
-10
Let l(v) be the second derivative of -v**4/12 + 2*v**3 + 19*v**2/2 - 5051*v. What is l(10)?
39
Let r = -2 + 3. Let q(c) = -6 - 13*c - 28 + 60 - 25. Give q(r).
-12
Let h(a) = -4*a**2 + 30*a + 10. Let q(v) = v**3 - 66*v**2 - 434*v + 152. Let r be q(72). What is h(r)?
-6
Suppose 5*t + 7 - 47 = 0. Let o(i) = 11*i**2 + 6*i - 4. Let k(q) = 3*q**2 + 3*q - 1. Let n(h) = -7*k(h) + 2*o(h). Determine n(t).
-9
Let x(d) = -d**2 + 10*d - 30. Let b(r) = 3*r**2 + 62*r + 272. Let k be b(-6). Determine x(k).
-14
Let w = 15828 + -15773. Let a(p) = -3*p**2 + 170*p - 269. Determine a(w).
6
Let f be (9 - -4) + 10/(-25) + (-9)/15. Let r(j) = -j**3 + 15*j**2 - 40*j + 8. Give r(f).
-40
Suppose 3*u - 5*z + 24 = 0, 3*z - 40 = -2*u + 7*u. Let d be ((-12)/u)/(5/10). Let y(c) = -c**2 + c + 2. Determine y(d).
-4
Let a(x) be the second derivative of -x**4/12 + 3*x**3/2 - x**2 - 3*x. Let l(k) = k**3 - 8*k + 3. Suppose 14*f = 5*f + 27. Let z be l(f). Give a(z).
16
Let w(a) = a**2 + 20*a - 52. Suppose 0 = 7*m - 79*m - 1584. Give w(m).
-8
Let v = 46 - 40. Let s be 0*2/(-4) - (v + -8). Let p(q) = -3 + 0 + 6*q - 2 + s*q**2. Determine p(-5).
15
Suppose -2*d - 6 = -4*d. Suppose -2 = -2*t - 4, -d*j + 29 = -2*t. Suppose y = p + 3*y + j, -2*p - y - 9 = 0. Let u(k) = -k + 3. Calculate u(p).
6
Let y(p) = p**3 + 11*p**2 + 27*p + 16. Suppose 3*k = -2 - 22. Let i be y(k). Let g(f) = 2*f + 13. What is g(i)?
-3
Let u(j) be the second derivative of -j**5/20 + j**4/3 + 3*j**3/2 + 15*j**2/2 - 4226*j. What is u(6)?
-3
Let z(s) = 7 - 8 + 9*s - 13 - s**2. Let i be z(8). Let m(k) = 6*k**2 + 12*k + 5. Let y(c) = -5*c**2 - 11*c - 5. Let x(j) = -4*m(j) - 5*y(j). Give x(i).
-1
Suppose 11*l - 14 = 4*l. Let r(j) = 7 - 6*j**2 + 12*j**2 - 7*j**l - j. Let q be r(-4). Let d(x) = -x - 5. Determine d(q).
0
Let x(n) be the third derivative of -n**5/20 - n**4/24 + 7*n**3/6 + 696*n**2. Give x(-5).
-63
Let u(n) = -26*n**2 - n**3 - 14 - 28*n - 6 + 2*n + 3. Let q be u(-25). Let m(t) = 0*t + 2 + t + 9*t**2 - q*t**2 + t. Calculate m(-3).
5
Let b(h) = 10*h**3 - 2*h**2 - 2*h - 1. Let a(t) = -t**3 - 8*t**2 + 20*t - 1. Suppose -11*k - 30 = -8*k. Let c be a(k). Give b(c).
-11
Let w(d) = -11*d**2 - d - 3. Let b(q) = -9*q**2 - q - 3. Let r(v) = -6*b(v) + 5*w(v). What is r(-2)?
-3
Let d(w) be the third derivative of 0*w + 6 + w**2 - 1/24*w**4 + 3/2*w**3 - 1/60*w**5. Determine d(-4).
-3
Let b(z) 